of y and z.
13
Let h be (-940 + -2)*((56/(-3))/2 - -6). What is the highest common divisor of 80 and h?
20
Let f = 2629 + -2467. Calculate the highest common factor of f and 8.
2
Suppose w + 77 = 4*l, 2*w + 640 = -4*l + 726. Calculate the highest common factor of 955 and l.
5
Let y = 366 - 601. Let o = -67 - y. Calculate the highest common divisor of 420 and o.
84
Let g = 4758 - 4735. Let z(p) = -5*p - 17. Let h be z(-4). What is the highest common factor of h and g?
1
Let u = -213 - -317. Suppose -30*y - 792 = -60*y - 12. Calculate the highest common divisor of u and y.
26
Suppose 0*g - 5*g - 3*w + 12 = 0, -w - 16 = -5*g. Suppose -4*h + 65 + 176 = -t, 0 = -h + g*t + 63. Calculate the greatest common divisor of 60 and h.
60
Let h = 748 + -409. Suppose -2*w = -347 - h. What is the highest common divisor of w and 49?
49
Let y(w) = -w**2 - 115*w - 160. Let k be y(-55). What is the greatest common factor of k and 20?
20
Suppose 8*b = -11*b - 6612. Let i = b + 491. Calculate the greatest common factor of i and 22.
11
Suppose -10*w + 6*w - 30 = -g, 0 = 4*g - 5*w - 197. What is the greatest common divisor of 7076 and g?
58
Suppose -q + 4756 = 3*c, q = -3*c - c + 4758. Calculate the greatest common divisor of 38 and q.
38
Let l be (7315/693)/(1/(-3))*12/(-5). Let t = 1095 - 107. What is the greatest common factor of l and t?
76
Suppose -5*u - 89 = -4*c + 72, 4*c + 2*u = 126. Let n = 12 + c. Let d = 440 - 72. Calculate the greatest common divisor of n and d.
46
Let l(m) = -2*m**2 + 143*m - 79. Let c be l(69). What is the greatest common divisor of 6517 and c?
133
Let h = 37 - -12. Let l(n) = -162*n + 3794. Let z be l(21). Calculate the highest common divisor of z and h.
49
Let v(n) = -28*n**3 + 23*n**2 + 55*n + 1. Let s be v(-5). What is the greatest common factor of 273 and s?
21
Suppose 8*w = -19*w - 460 + 1513. Let r be (9/(-6))/(-3)*2. Calculate the highest common divisor of r and w.
1
Let r = -3773 + 4391. Calculate the highest common factor of r and 3296.
206
Suppose -2*i + 5*s - 3*s + 496 = -2094, 0 = -3*s. What is the greatest common factor of i and 185?
185
Let m = 6867 + -6559. Calculate the highest common factor of 28 and m.
28
Let k(w) = 5*w**2 - 15*w + 48. Let b be k(4). What is the greatest common divisor of b and 4012?
68
Suppose 0*q + 4*q - 88 = 0. Suppose -190 = -5*o - z, -5*o + 5*z = -24 - 136. Let k = -26 + o. Calculate the highest common factor of k and q.
11
Let c(b) be the first derivative of 3*b**3 + 7*b**2 - 29*b - 82. Let t be c(4). What is the greatest common factor of 76 and t?
19
Let k = 56254 + -30298. Calculate the highest common factor of k and 108.
36
Let j = 8 + 3. Suppose 6*v = 12*v - 18. Suppose -2*s + 8 = 0, 24 + 25 = v*l + 4*s. What is the greatest common factor of j and l?
11
Let n(m) = -9*m**2 - 442*m + 17. Let f be n(-48). What is the greatest common factor of 91 and f?
7
Let i = -1290 + 3282. What is the greatest common factor of i and 16?
8
Suppose 13*v - 20*v = 2478. Let w = 356 + v. Calculate the greatest common divisor of w and 16.
2
Let y(v) be the first derivative of 128*v**3/3 + 9*v**2/2 + 9*v + 16. Let j be y(-1). Calculate the highest common divisor of 96 and j.
32
Suppose 0 = -s + 6 - 20. Let w = -6 - s. Suppose 276 = 4*m + 3*x, -111*m + 109*m - 2*x + 136 = 0. Calculate the highest common factor of m and w.
8
Let o be (-9)/(-2) - (-23)/(-46). Suppose 57 = l - 5*h - 322, o*l - 1497 = h. Calculate the highest common factor of l and 34.
34
Let y be (-74)/(-8) + ((-651)/(-84) - 9). Let g(n) = -n - 1. Let z be g(-7). What is the highest common divisor of z and y?
2
Suppose -62*k = -18198 - 19498. Let t(b) = -b**3 + 7*b**2 - b + 8. Let i be t(6). What is the highest common divisor of i and k?
38
Let h = 446 - -1555. Calculate the highest common divisor of 345 and h.
69
Let f be (81/(-15))/((-6)/20). Let o be 42/(-8)*(f + -22). What is the greatest common factor of 7 and o?
7
Suppose -4*u - 43712 = -4*z + 14984, -5*u - 44020 = -3*z. Calculate the greatest common factor of 25 and z.
25
Let f = -10752 + 10881. What is the highest common factor of 21027 and f?
129
Suppose 154479 = 5*v - n, -5*v + 150116 + 4375 = n. What is the greatest common divisor of v and 9?
9
Suppose 4*k = -2*k + 132. Let i(d) = -2*d + 74. Let x be i(k). Suppose -8*b + 240 = -2*b. What is the greatest common factor of x and b?
10
Let o be (-1)/(0 + 1 + 960/(-900)). Calculate the greatest common factor of o and 20595.
15
Suppose -4*y + 81 = -y. Let b(l) = 809*l + 41412. Let n be b(-51). Calculate the highest common divisor of y and n.
9
Suppose 0 = 3*r - 0*r - u - 32, -5*u - 61 = -4*r. Let z be (r/(-3))/((-4)/(-12)). Let o be 2/z + (-573)/(-27). What is the highest common factor of 14 and o?
7
Let s be (4 - 1) + -1 + (-24)/(-6). Let n be 7 + (s - 20) - -511. Calculate the highest common divisor of n and 84.
84
Let d(m) = -51*m - 1147. Let v be d(-45). Calculate the greatest common divisor of v and 224.
28
Suppose -174 = -21*w + 23*w. Let u = -366 + 513. Let r = w + u. Calculate the greatest common factor of r and 36.
12
Let d be 3060/(90/6) - 18. Calculate the highest common divisor of d and 87.
3
Let u be -2 + (-1 + 12 - -1). Let r(f) = -f**2 + 13*f - 19. Let d be r(u). What is the highest common divisor of 143 and d?
11
Suppose h = 2*h - 4. Let z be h/(-16)*-7 + 2/8. Suppose 5*t - z = 3*t. What is the greatest common divisor of 8 and t?
1
Let j be 63/84 - (-165543)/28. What is the highest common divisor of j and 73?
73
Let w be (0 - -1)/((-1)/5). Let r = 10 - w. Let q(f) = 578*f - 2177. Let n be q(4). What is the greatest common factor of r and n?
15
Suppose 4*g + 16 = 2*g - 2*b, g = 3*b + 12. Let m be (0 + (0/g)/3)/(-1). Suppose -16*w + 3131 - 667 = m. What is the highest common factor of w and 28?
14
Let w(a) = 106*a + 49. Let y be w(-2). Let s = 190 + y. What is the greatest common factor of 18 and s?
9
Let d(o) = -3060*o + 2151. Let w be d(-1). What is the highest common divisor of 27 and w?
27
Let l(j) = -j**2 - 12*j + 383. Let r be l(0). Let g(f) = f - 6. Let y be g(11). Let k be y/15 + r/3. What is the highest common divisor of 8 and k?
8
Let y be (-2)/9 + 14*(-2104)/(-1008). Let q(w) = w**2 - 9*w + 8. Let r be q(8). Suppose r = -12*d + 7*d + 1305. Calculate the highest common divisor of d and y.
29
Suppose -275 = -0*m + 11*m. Let t = 211 + m. Calculate the greatest common factor of t and 62.
62
Suppose -1364 = -130*c + 125*c + g, 4*c + 5*g = 1068. What is the highest common factor of c and 1224?
136
Let z(r) = -r**3 + 30*r**2 + 2*r + 8. Let s be z(30). Let o be 1378/18 - s/(-153). Calculate the greatest common factor of o and 44.
11
Suppose 0 = -15*w - 120 - 285. Let s be (-413)/42*w*(-1 - -3). Calculate the greatest common factor of s and 59.
59
Suppose -2*a - r = -2102, 7119 = 5*a + 5*r + 1859. What is the highest common divisor of a and 28?
14
Let n(o) be the second derivative of -1/3*o**3 + 0 + 5*o**2 + 8*o - 1/20*o**5 - 5/6*o**4. Let l be n(-10). Calculate the highest common divisor of 20 and l.
10
Let j = -5647 + 5717. Calculate the greatest common factor of j and 686.
14
Let g(h) = -h**2 + 28*h - 21. Let o be g(28). Let y be (18/o)/(12/(-1176)). Calculate the highest common factor of y and 24.
12
Suppose 379*u - 386*u + 162 = -132. Suppose 4*g + 0 = 448. Calculate the highest common divisor of g and u.
14
Let p = -38946 - -38955. What is the highest common factor of 219 and p?
3
Suppose -481 = -44*v + 7*v. What is the greatest common divisor of 5707 and v?
13
Let r = -2160 + 3041. Suppose 2201 = 10*z + r. What is the greatest common factor of z and 60?
12
Let y = -45 - -153. Let c = y - 120. Let k be 3/(c/(-100)) - -1. Calculate the greatest common divisor of k and 182.
26
Let n be (12/10)/(3/610). Let x = n + -145. Suppose -4*b + 5*k + 24 + 40 = 0, 3*b - 2*k - 41 = 0. What is the highest common divisor of b and x?
11
Suppose b + w - 27 = 0, -495*b + 2*w = -499*b + 116. Suppose -2*m + 830 + 162 = 0. What is the highest common divisor of b and m?
31
Let p = 21944 + -20581. What is the highest common divisor of p and 29?
29
Suppose 7*s + 2*z = 7240, 2*s - 3*s + 1036 = 2*z. What is the greatest common divisor of s and 132?
22
Let v be 3*12 + (-8 - -9). Let l = 28 - v. Let c be l/15 - 1515/(-25). Calculate the highest commo